q = -2 + -4. Calculate v(q).
11
Let p(i) = -3*i**3 + i**3 - 3 - i**3 - 6*i + 2*i**3 - 7*i**2. Let h(v) = v**3 + 7*v**2 + 5*v + 4. Let j(q) = -5*h(q) - 4*p(q). Determine j(-7).
-1
Let p = -254 + 255. Let z(n) = 17*n**2 + n - 1. Determine z(p).
17
Let a(i) = -12*i - 3 - i**2 - 2*i**2 + i**2 + 3*i**2. What is a(12)?
-3
Let j(s) = 5*s**2 + 56*s + 51. Let d(h) = -h**2 - 11*h - 10. Let n(y) = -11*d(y) - 2*j(y). Determine n(-9).
8
Let d be ((-48)/(-10))/(4/20). Suppose 5*q + d = 4*l, 1 = -3*l - 4*q + 19. Suppose -7 = r - l. Let s(b) = 2*b**3 - b**2 + b + 1. Determine s(r).
-3
Let g(i) = -3*i + 1. Suppose -4*y - 5*n + 477 = 0, 4*y - 5*n - 379 - 88 = 0. Let p = y - 117. Calculate g(p).
-2
Let b(k) = 30*k**3 - k**2 - 7*k + 13. Let l(t) = 24*t**3 - 7*t + 11. Let c(y) = 3*b(y) - 4*l(y). Calculate c(1).
-7
Let g(z) be the first derivative of -1/24*z**4 - 1/3*z**3 + 1/60*z**5 + 2*z**2 + 0*z - 8. Let q(k) be the second derivative of g(k). Determine q(-2).
4
Suppose 1170 - 1212 = 7*s. Let c(d) = -d**2 + 2*d + 11. What is c(s)?
-37
Let f = 2 - -1. Let k(i) = 11*i**2 + 2*i**3 + 12*i + 2 - 3*i**f - 1. Let w be k(12). Let d(s) = 9*s**2. Determine d(w).
9
Let o(u) = u**3 - 6*u**2 + 5*u - 2. Suppose -133*y + 50 = -123*y. Calculate o(y).
-2
Let a(h) be the first derivative of h**2 + 2*h + 202. Suppose 5*n + 18 = -17. Determine a(n).
-12
Let w(q) = -q**2 - 14*q + 41. Let u be w(-16). Let m(d) = d**2 - 9*d + 2. What is m(u)?
2
Let h = 29 + -30. Let l(a) = 2*a**3 + a**2 + a. Let w be l(h). Let y(j) = j + 1. Calculate y(w).
-1
Let a(v) = -v. Suppose 3*w - 6*w + 18 = 0. Suppose -w*k + 12*k = 12. Calculate a(k).
-2
Let q(p) be the second derivative of p**5/20 - p**3/6 - 13*p**2/2 + 2*p. Let d(v) = v**2 + 21*v + 98. Let y be d(-7). What is q(y)?
-13
Let o(z) = -9*z - 7. Let h(w) = 10*w + 7. Let c(a) = 2*h(a) + 3*o(a). Let k(v) = -v. Let d(r) = -c(r) + 6*k(r). Give d(-5).
2
Let j(v) be the third derivative of -v**4/12 - 20*v**3/3 + 230*v**2. Give j(0).
-40
Let q(h) = h + 24 + 16 - 34. Calculate q(-7).
-1
Let m(u) = 4*u - 2 - 8*u + u**3 + 4*u - 1 - 10*u**2. What is m(10)?
-3
Let i(p) be the second derivative of 14*p - 5/6*p**3 - 1/4*p**4 + 1/20*p**5 + 0 - p**2. Give i(4).
-6
Let c be -3 - 3*(3 + -4). Suppose c = 6*m - m. Let v(a) = -2*a**2 + 10 - 7 + 3*a**2. Determine v(m).
3
Let r(a) be the third derivative of -2*a**2 + 0 + 0*a - a**3 - 1/6*a**4. What is r(-6)?
18
Let d(f) = 3*f**2 + 1612 - 1616 - 4*f**2 + 2*f. Calculate d(-3).
-19
Let i(j) = 29*j**2 - 3*j + 2. Let a be (0 - -8)/(16 - 8). Give i(a).
28
Suppose c + 3*c + 4 = 0. Let z(i) = 8*i + 3. Let u be z(c). Let o(h) = h**3 + 5*h**2 + 3*h + 4. Give o(u).
-11
Let m(p) = 3*p**2 + p**2 + 11 - 87*p + 33*p - 3*p**2 + 45*p. What is m(9)?
11
Let a(x) be the third derivative of -x**4/24 - 7*x**3/6 - 277*x**2. Let b(z) = 7*z**2 - z. Let u be b(1). Suppose 0*p + p + u = 0. Give a(p).
-1
Let t(i) = i**2 - i - 5. Let c = 57 + -53. Suppose 3*y = 2*a - 16, 5*a + 4 = -c*y - 2. Determine t(y).
15
Let n(m) = 203*m + 221*m + 31 - 426*m + 16. Calculate n(25).
-3
Let k(t) be the second derivative of -t**4/12 + t**3/3 - t**2/2 + 2*t + 82. Determine k(1).
0
Let c(t) = 2*t**2 - 6*t**2 - 7*t**2. Determine c(-1).
-11
Suppose 0 = 66*k - 69*k - 51. Let y(o) = -o**2 - 16*o + 7. Calculate y(k).
-10
Let c = 714 + -713. Let f(j) = 5*j**2 - 5*j - 6. Let w(h) = 4*h**3 + 0 + 4*h - 4*h**2 + 5 - 5*h**3. Let u(p) = -5*f(p) - 6*w(p). Calculate u(c).
6
Let v(b) = 5*b**3 + b**2 + b + 1. Let q be (-1 - -4) + -4 + 5. Let o(d) = d**3 - 4*d**2 - d + 1. Let m be o(q). Let k be m - (-4)/1 - 2. Determine v(k).
-4
Let h(r) = -r - 2. Suppose 0 = 2*n - 6*n + 68. Suppose -n*p = -12*p + 10. Give h(p).
0
Let k(w) = -w. Let d(y) = -19*y + 30. Let l(t) = -28*t + 45. Let p(z) = 7*d(z) - 5*l(z). Let c(q) = -5*k(q) - p(q). Give c(10).
-5
Let j(n) = -2*n + 20. Let x be j(7). Let d be ((-12)/x)/(-2 + 3). Let g(l) be the first derivative of -3*l**2/2 + 3. Calculate g(d).
6
Suppose 0 + 1 = p. Suppose s + p = 5. Let v(c) = c**2 - 1. Let l(m) = -5*m**2 + m + 6. Let i(u) = s*v(u) + l(u). Determine i(-2).
-4
Suppose -7*b = -2*b + 4*j - 20, 4*j = b + 20. Let p(v) = -5*v + 6 - v + 5*v + b*v. Let k(c) = c**2 - 2*c - 3. Let m be k(3). What is p(m)?
6
Let z(x) = x + 3. Suppose -h = -4*p + 264, -3*p + 90 = -2*h - 113. Let b = p - 68. Determine z(b).
0
Let y(h) be the second derivative of h**5/15 + 29*h**2/2 - 23*h. Let g(o) be the first derivative of y(o). What is g(2)?
16
Let t be 0*(1 - (-12)/(-9)). Let u(h) = -h**2 + h - 1. Let r(k) = -k**2 + k. Let w(p) = -3*r(p) + 2*u(p). What is w(t)?
-2
Let r(s) = s**3 - 6*s**2 + 5*s. Let n = -76 - -78. Let u(a) = a**3 - 5*a**2 - 3*a - 8. Let i be u(6). Suppose 0 = 4*f - n*f - i. Determine r(f).
0
Let v(o) = -2*o**3 + 4*o**2 + 7*o + 7. Let d(r) = 3*r**3 - 10*r**2 - 12*r - 15. Let g(l) = -3*d(l) - 5*v(l). What is g(-10)?
0
Let d(p) be the third derivative of p**7/840 + p**6/360 - p**4/24 - 7*p**3/3 - 18*p**2. Let x(i) be the first derivative of d(i). What is x(1)?
1
Let d(b) = -4*b**2 - 2*b + 5. Let k(o) = 9*o**2 + 4*o - 11. Let l(p) = 7*d(p) + 3*k(p). Let i = 56 - 50. Let w be i*4/60*15/3. Give l(w).
-6
Let p(x) = 10*x**3 - 19*x**2 + 7*x + 13. Let b(d) = 3*d**3 - 6*d**2 + 2*d + 4. Let k(o) = -7*b(o) + 2*p(o). Give k(3).
7
Suppose 0 = -4*f - 3*r - r + 12, -6 = 4*f - 2*r. Suppose f = 2*o - 29 + 1. Suppose -12*k + 6 = -o*k. Let l(p) = p**3 + 3*p**2 + 2*p. What is l(k)?
-6
Suppose -2*b - 3 = b. Let z(q) = 6*q**2 - 1. Let n be z(b). Let i(o) = -4 + 6*o**2 - 1 - o**3 + 19*o - 23*o. Give i(n).
0
Suppose -3*s + s = 2*q - 14, -4*q - 17 = -5*s. Let i(f) = -f + 6*f - q + 2*f + 3. Suppose 0 = -4*z - 3*p - 7, 3*z + 0*z - 5*p = 2. Give i(z).
-6
Let w be ((-4)/(-10))/((-4)/60). Let o be 6/2 - w/6. Suppose 3*v - 23 = o*x, -23 = 5*x - v + 3*v. Let g(k) = k**3 + 5*k**2 - 2*k - 4. Calculate g(x).
6
Let s(y) = y**2 + 12*y - 13. Let m(a) = 44*a + 296. Let q be m(-7). What is s(q)?
-13
Let k be (7/14)/((-2)/(-8)). Let o(q) = -4 + k*q + 6 - 3*q. Suppose 0 = -2*z + 5*t + 13, 0*z + 19 = 5*z + t. Calculate o(z).
-2
Let w(a) = -21*a - 21. Let r(y) = 13*y + 10. Let j(g) = -5*r(g) - 3*w(g). Give j(10).
-7
Let g(t) be the second derivative of -t**4/12 + 7*t**3/3 + 19*t**2 - 713*t. Give g(16).
6
Let r = -27 - -33. Let y(x) = r - 3*x + 2 - 4 - 2*x**2 - x**3 - 2. Give y(-3).
20
Let t(n) = -3*n**2 - 5*n - 13. Let d(c) = 5*c**2 + 10*c + 24. Let u(w) = -4*d(w) - 7*t(w). Let r = 10 - 4. Calculate u(r).
1
Let j(b) = -2*b - 2. Let x be 1/(-3)*-8*3. Let u be 1*(x/(-2))/(-2). Give j(u).
-6
Let y(v) = v**2 + 26*v - 795. Let a be y(18). Let b(d) be the first derivative of -d**4/4 - d**3 + d**2/2 + 4*d - 1. What is b(a)?
1
Let t = 38 + -32. Let f(n) = n**2 - 8*n + 15. Let m be f(t). Suppose -k = -5*w + 12, -w + 6 = -m*k - 2. Let y(p) = -p**3 + 2*p**2 - 2*p - 2. Give y(w).
-6
Let k(c) = -20*c**2 - 62*c - 61*c + 121*c + 1. Determine k(1).
-21
Let z(p) = 3*p**2 + 2*p - 4. Let j(b) = -4*b**2 - 3*b + 5. Let w(o) = -2*j(o) - 3*z(o). Suppose 8*r - 4*r + 12 = 0. Let a be 27/(-12) + r/4. What is w(a)?
-7
Let f(l) = 69*l. Let c(a) = 4*a + 1. Let g(s) = -18*c(s) + f(s). Give g(-7).
3
Let z(n) = 5*n. Suppose 3*m = -3*m - 42. Let j be (-3)/m - (-50)/(-35). Determine z(j).
-5
Let z(p) be the first derivative of -p**3/3 - 8*p**2 - 25*p - 570. Give z(-14).
3
Let l(a) = -9*a**3 + 18*a**2 + 40*a - 3. Let g(t) = 5*t**3 - 9*t**2 - 21*t + 1. Let x(v) = -11*g(v) - 6*l(v). Give x(-7).
-28
Suppose 0 = 4*i - 2*t + 88, 0*t = -i - 5*t - 11. Let l = 23 + i. Let x(s) = 7*s**3 - s**3 - 5*s**l - 7*s**3 + 1 + s. What is x(-5)?
-4
Let r be -1*(-1 - (45 + 1)). Let h = -47 + r. Let a(y) = 0*y**2 + 1 + 2 - y**2. What is a(h)?
3
Let a be (0*6/30)/(-2). Let i(n) = -n**2 - 28. Give i(a).
-28
Let v(o) be the second derivative of -3*o**3/2 + 85*o**2/2 + 684*o. Determine v(9).
4
Let x(z) = 106*z**3 - z - 40*z**3 + 2 - 67*z**3 - 2*z**2. Give x(-2).
4
Let f(h) = -h**3 + 8*h**2 - 2*h + 10. Let v be 99/6 + -6 - 6/4. Suppose -21 = v*o - 93. Give f(o).
-6
Let o(u) = u**3 + 5*u**2 + 2*u - 4. Let r = 41 + -25. Suppose 0 = -7*i + 3*i - r. Give o(i).
4
Suppose 5*t - t + 4*s = -20, -4*s - 18 = 2*t. Let q be 9*3*t/(-3). Let m(d) = -d**3 + 8*d**2 + 8*d + 8. Calculate m(q).
-1
Let m = -53 + 61. Let r(y) = y**3 - y - 1. Let h(u) = 2*u**3 - 9*u**